at are the prime factors of 542143165?
5, 10369, 10457
List the prime factors of 463999474.
2, 521, 445297
What are the prime factors of 13874224?
2, 7, 13, 733
List the prime factors of 282451899.
3, 61, 331, 4663
List the prime factors of 635212540.
2, 5, 883, 35969
List the prime factors of 86611293.
3, 9623477
What are the prime factors of 5270580069?
3, 19, 97, 953261
List the prime factors of 788610513.
3, 262870171
List the prime factors of 2117866.
2, 173, 6121
List the prime factors of 1045708421.
61, 3229, 5309
List the prime factors of 98812500.
2, 3, 5, 17, 31
List the prime factors of 3745848828.
2, 3, 312154069
What are the prime factors of 3601060583?
2393, 1504831
What are the prime factors of 39576434?
2, 61, 324397
List the prime factors of 6760814697.
3, 7, 13, 8254963
List the prime factors of 192075233.
7, 53, 137, 3779
List the prime factors of 1574728614.
2, 3, 9720547
What are the prime factors of 433186607?
7, 41, 257, 839
List the prime factors of 673914357.
3, 17, 293, 5011
List the prime factors of 30122421.
3, 7, 31, 46271
What are the prime factors of 4793375129?
73, 4283, 15331
What are the prime factors of 553151115?
3, 5, 11, 1117477
List the prime factors of 562567161.
3, 13, 1049, 13751
List the prime factors of 209646795.
3, 5, 83, 168391
What are the prime factors of 18068260?
2, 5, 7, 103, 179
What are the prime factors of 51656956?
2, 13, 947, 1049
List the prime factors of 54185051.
54185051
What are the prime factors of 2854953060?
2, 3, 5, 31, 1534921
What are the prime factors of 507547122?
2, 3, 2861, 29567
What are the prime factors of 1564609167?
3, 11, 15804133
What are the prime factors of 75063085?
5, 15012617
List the prime factors of 124639104.
2, 3, 17, 61, 313
What are the prime factors of 1495414600?
2, 5, 109, 68597
What are the prime factors of 34576001?
34576001
What are the prime factors of 587102919?
3, 13, 15053921
What are the prime factors of 856576841?
17, 31, 1625383
What are the prime factors of 1133461809?
3, 5099, 8233
What are the prime factors of 5810902182?
2, 3, 16529, 19531
What are the prime factors of 32896613?
227, 313, 463
List the prime factors of 220223149.
37, 241, 24697
List the prime factors of 798487776.
2, 3, 67, 41381
List the prime factors of 98072733.
3, 11, 79, 37619
List the prime factors of 79158844.
2, 277, 71443
List the prime factors of 90432947.
11, 8221177
List the prime factors of 2461168865.
5, 47, 1097, 9547
What are the prime factors of 79020664?
2, 9877583
What are the prime factors of 45874083?
3, 15291361
List the prime factors of 648937382.
2, 324468691
List the prime factors of 235306949.
235306949
What are the prime factors of 783796672?
2, 41, 281, 1063
What are the prime factors of 79170933?
3, 26390311
What are the prime factors of 17027341?
41, 59, 7039
List the prime factors of 787054920.
2, 3, 5, 6558791
What are the prime factors of 83183850?
2, 3, 5, 31, 67, 89
What are the prime factors of 89267803?
71, 1257293
List the prime factors of 7588301.
7, 1084043
List the prime factors of 27611371.
27611371
What are the prime factors of 596603502?
2, 3, 11, 83, 12101
What are the prime factors of 2164747?
13, 89, 1871
List the prime factors of 430225656.
2, 3, 7, 283, 9049
List the prime factors of 1386297554.
2, 43, 16119739
What are the prime factors of 15190459?
41, 163, 2273
List the prime factors of 293914199.
37, 41, 313, 619
What are the prime factors of 70616670?
2, 3, 5, 23, 53, 1931
What are the prime factors of 107781045?
3, 5, 7185403
What are the prime factors of 43703449?
523, 83563
What are the prime factors of 190912724?
2, 47728181
What are the prime factors of 351530886?
2, 3, 7, 31, 109, 2477
List the prime factors of 26906452.
2, 79, 85147
What are the prime factors of 645352598?
2, 11, 601, 48809
List the prime factors of 1603443015.
3, 5, 35632067
List the prime factors of 1517762006.
2, 17, 44640059
What are the prime factors of 708574283?
191, 3709813
What are the prime factors of 34705780?
2, 5, 19, 91331
What are the prime factors of 274956691?
17, 16173923
What are the prime factors of 121538610?
2, 3, 5, 17, 26479
What are the prime factors of 84077728?
2, 7, 29, 43
List the prime factors of 16984544.
2, 530767
List the prime factors of 105026869.
105026869
List the prime factors of 1735930516.
2, 19, 79, 289129
List the prime factors of 153059785.
5, 30611957
List the prime factors of 1795909186.
2, 107, 8392099
List the prime factors of 168304944.
2, 3, 359, 9767
List the prime factors of 65922742.
2, 19, 29, 163, 367
What are the prime factors of 322447848?
2, 3, 13435327
What are the prime factors of 103370544?
2, 3, 717851
What are the prime factors of 2326284762?
2, 3, 181, 2142067
What are the prime factors of 1005522052?
2, 17, 14787089
List the prime factors of 30903375.
3, 5, 23, 3583
What are the prime factors of 398475277?
19, 20972383
What are the prime factors of 2410801842?
2, 3, 29, 13855183
What are the prime factors of 98591290?
2, 5, 7, 157, 8971
List the prime factors of 2712841.
31, 87511
What are the prime factors of 36587868?
2, 3, 3048989
What are the prime factors of 58631439?
3, 23, 849731
What are the prime factors of 1027763970?
2, 3, 5, 23, 1489513
What are the prime factors of 178269494?
2, 13, 167, 41057
What are the prime factors of 6648699091?
251, 26488841
List the prime factors of 1256229736.
2, 139, 331, 3413
List the prime factors of 13225822.
2, 6612911
List the prime factors of 2480735599.
31, 80023729
List the prime factors of 827649633.
3, 19, 37, 392437
List the prime factors of 158076524.
2, 39519131
List the prime factors of 92257100.
2, 5, 13, 53, 103
List the prime factors of 79100910.
2, 3, 5, 7, 23, 53, 103
What are the prime factors of 335026424?
2, 31, 179, 7547
What are the prime factors of 1442973114?
2, 3, 11, 7287743
List the prime factors of 20579407.
20579407
What are the prime factors of 2822221256?
2, 23, 433, 35423
What are the prime factors of 3422514745?
5, 13, 19, 127, 21821
List the prime factors of 61971507.
3, 13, 176557
List the prime factors of 792183675.
3, 5, 113, 211, 443
What are the prime factors of 90304146?
2, 3, 241, 257
What are the prime factors of 3548523308?
2, 11, 80648257
List the prime factors of 74867004.
2, 3, 269, 859
List the prime factors of 1681860.
2, 3, 5, 28031
What are the prime factors of 124987787?
124987787
List the prime factors of 544646327.
37, 113, 130267
List the prime factors of 533737714.
2, 266868857
List the prime factors of 91727901.
3, 43, 421, 563
What are the prime factors of 391364068?
2, 1291, 75787
What are the prime factors of 410063756?
2, 53, 1934263
List the prime factors of 1173095273.
7, 31, 5405969
List the prime factors of 715186482.
2, 3, 119197747
What are the prime factors of 80369690?
2, 5, 2819, 2851
What are the prime factors of 77338836?
2, 3, 2148301
What are the prime factors of 450685641?
3, 7, 37, 580033
What are the prime factors of 66659160?
2, 3, 5, 47, 53, 223
List the prime factors of 24171587.
11, 29, 75773
What are the prime factors of 2201615822?
2, 7, 3049, 51577
What are the prime factors of 884807884?
2, 19, 23, 506183
List the prime factors of 232780037.
7, 678659
What are the prime factors of 16190732?
2, 17, 238099
What are the prime factors of 7955923?
7955923
What are the prime factors of 2069844829?
13, 159218833
List the prime factors of 1589242535.
5, 17, 151, 123821
What are the prime factors of 83477244?
2, 3, 6956437
List the prime factors of 3904683102.
2, 3, 6563, 33053
What are the prime factors of 2083040916?
2, 3, 11, 41, 43, 8951
What are the prime factors of 3331184385?
3, 5, 347, 639997
What are the prime factors of 351814495?
5, 6343, 11093
What are the prime factors of 343663332?
2, 3, 23, 163, 7639
What are the prime factors of 986612653?
13, 107, 709283
List the prime factors of 63014205.
3, 5, 4200947
What are the prime factors of 620263168?
2, 7, 197, 251
What are the prime factors of 528441629?
23, 22975723
List the prime factors of 376422126.
2, 3, 17, 109, 33857
What are the prime factors of 60174645?
3, 5, 17, 235979
List the prime factors of 101367549.
3, 17, 223, 2971
What are the prime factors of 26510968?
2, 11, 419, 719
List the prime 